ndreds digit of 3458?
4
What is the units digit of 3575?
5
What is the hundreds digit of 2319?
3
What is the units digit of 1833?
3
What is the units digit of 18044?
4
What is the tens digit of 959?
5
What is the tens digit of 38250?
5
What is the units digit of 1221?
1
What is the tens digit of 2192?
9
What is the thousands digit of 2152?
2
What is the hundreds digit of 617?
6
What is the units digit of 4698?
8
What is the hundreds digit of 58242?
2
What is the hundreds digit of 66085?
0
What is the units digit of 46146?
6
What is the thousands digit of 65779?
5
What is the units digit of 369?
9
What is the hundreds digit of 3669?
6
What is the thousands digit of 3212?
3
What is the units digit of 2295?
5
What is the thousands digit of 127079?
7
What is the units digit of 53902?
2
What is the units digit of 7418?
8
What is the thousands digit of 67708?
7
What is the ten thousands digit of 28907?
2
What is the tens digit of 170534?
3
What is the units digit of 3798?
8
What is the thousands digit of 1214?
1
What is the hundreds digit of 188?
1
What is the units digit of 1229?
9
What is the tens digit of 6248?
4
What is the hundreds digit of 2040?
0
What is the units digit of 73741?
1
What is the hundreds digit of 784?
7
What is the ten thousands digit of 173176?
7
What is the hundreds digit of 1309?
3
What is the ten thousands digit of 154871?
5
What is the hundreds digit of 718?
7
What is the thousands digit of 16415?
6
What is the units digit of 543?
3
What is the tens digit of 37455?
5
What is the tens digit of 2294?
9
What is the thousands digit of 14236?
4
What is the thousands digit of 6704?
6
What is the tens digit of 611?
1
What is the units digit of 72?
2
What is the thousands digit of 1220?
1
What is the thousands digit of 52552?
2
What is the tens digit of 1049?
4
What is the tens digit of 408?
0
What is the units digit of 45272?
2
What is the thousands digit of 54877?
4
What is the tens digit of 942?
4
What is the hundreds digit of 254?
2
What is the units digit of 2053?
3
What is the tens digit of 17103?
0
What is the tens digit of 42678?
7
What is the tens digit of 17112?
1
What is the hundreds digit of 772?
7
What is the units digit of 69735?
5
What is the thousands digit of 10267?
0
What is the hundreds digit of 1533?
5
What is the thousands digit of 60496?
0
What is the tens digit of 8108?
0
What is the hundreds digit of 44823?
8
What is the units digit of 10102?
2
What is the units digit of 4688?
8
What is the thousands digit of 20612?
0
What is the thousands digit of 2895?
2
What is the thousands digit of 3517?
3
What is the tens digit of 16324?
2
What is the hundreds digit of 4274?
2
What is the hundreds digit of 11828?
8
What is the hundreds digit of 5583?
5
What is the units digit of 6764?
4
What is the thousands digit of 2604?
2
What is the thousands digit of 20324?
0
What is the units digit of 22965?
5
What is the hundreds digit of 30217?
2
What is the tens digit of 250?
5
What is the tens digit of 38049?
4
What is the tens digit of 8004?
0
What is the tens digit of 6192?
9
What is the units digit of 7801?
1
What is the hundreds digit of 161?
1
What is the hundreds digit of 12407?
4
What is the units digit of 1436?
6
What is the tens digit of 1189?
8
What is the thousands digit of 30060?
0
What is the ten thousands digit of 77627?
7
What is the hundreds digit of 8592?
5
What is the tens digit of 3993?
9
What is the thousands digit of 1295?
1
What is the hundreds digit of 5454?
4
What is the thousands digit of 9866?
9
What is the units digit of 2143?
3
What is the tens digit of 2865?
6
What is the units digit of 4547?
7
What is the tens digit of 3775?
7
What is the units digit of 15?
5
What is the thousands digit of 3043?
3
What is the tens digit of 19?
1
What is the thousands digit of 8844?
8
What is the hundreds digit of 11424?
4
What is the thousands digit of 1225?
1
What is the units digit of 1895?
5
What is the tens digit of 26215?
1
What is the hundreds digit of 213?
2
What is the units digit of 314?
4
What is the tens digit of 5707?
0
What is the tens digit of 1498?
9
What is the thousands digit of 14755?
4
What is the hundreds digit of 1399?
3
What is the hundreds digit of 5630?
6
What is the thousands digit of 12710?
2
What is the units digit of 361?
1
What is the units digit of 4208?
8
What is the units digit of 435?
5
What is the hundreds digit of 1081?
0
What is the tens digit of 899?
9
What is the tens digit of 920?
2
What is the tens digit of 8270?
7
What is the units digit of 11381?
1
What is the hundreds digit of 161?
1
What is the tens digit of 15629?
2
What is the units digit of 611?
1
What is the units digit of 897?
7
What is the tens digit of 1495?
9
What is the hundreds digit of 3016?
0
What is the units digit of 1231?
1
What is the units digit of 14110?
0
What is the tens digit of 2300?
0
What is the ten thousands digit of 13665?
1
What is the units digit of 1646?
6
What is the hundreds digit of 14647?
6
What is the thousands digit of 78864?
8
What is the tens digit of 54252?
5
What is the hundreds digit of 2146?
1
What is the hundreds digit of 14312?
3
What is the units digit of 899?
9
What is the units digit of 27698?
8
What is the tens digit of 11916?
1
What is the hundreds digit of 12190?
1
What is the tens digit of 656?
5
What is the hundreds digit of 31802?
8
What is the hundreds digit of 6530?
5
What is the units digit of 16?
6
What is the thousands digit of 69058?
9
What is the units digit of 52571?
1
What is the units digit of 1809?
9
What is the hundreds digit of 1270?
2
What is the hundreds digit of 720?
7
What is the hundreds digit of 417?
4
What is the units digit of 3685?
5
What is the units digit of 503?
3
What is the hundreds digit of 41522?
5
What is the hundreds digit of 11417?
4
What is the units digit of 563?
3
What is the thousands digit of 4177?
4
What is the units digit of 7?
7
What is the ten thousands digit of 18320?
1
What is the tens digit of 75690?
9
What is the ten thousands digit of 58147?
5
What is the tens digit of 1034?
3
What is the tens digit of 12223?
2
What is the tens digit of 427?
2
What is the units digit of 3965?
5
What is the hundreds digit of 795?
7
What is the hundreds digit of 1033?
0
What is the units digit of 124599?
9
What is the units digit of 1213?
3
What is the hundreds digit of 714?
7
What is the units digit of 2044?
4
What is the thousands digit of 23621?
3
What is the hundreds digit of 1458?
4
What is the hundreds digit of 4659?
6
What is the tens digit of 2417?
1
What is the thousands digit of 3457?
3
What is the tens digit of 64068?
6
What is the units digit of 3036?
6
What is the hundreds digit of 7122?
1
What is the tens digit of 1744?
4
What is the units digit of 8?
8
What is the units digit of 108177?
7
What is the hundreds digit of 15119?
1
What is the tens digit of 5437?
3
What is the tens digit of 263?
6
What is the tens digit of 920?
2
What is the hundreds digit of 793?
7
What is the tens digit of 1103?
0
What is the hundreds digit of 4382?
3
What is the units digit of 271?
1
What is the thousands digit of 3500?
3
What is the thousands digit of 123473?
3
What is the tens digit of 7537?
3
What is the hundreds digit of 717?
7
What is the hundreds digit of 5203?
2
What is the thousands digit of 7228?
7
What is the hundreds digit of 726?
7
What is the units digit of 941?
1
What is the thousands digit of 10653?
0
What is the hundreds digit of 19175?
1
What is the thousands digit of 1699?
1
What is the units digit of 17274?
4
What is the thousands digit of 25902?
5
What is the tens digit of 97?
9
What is the units digit of 57559?
9
What is the units digit of 2411?
1
What is the hundreds digit of 2244?
2
What is the tens digit of 653?
5
What is the hundreds digit of 9730?
7
What is the units digit of 29869?
9
What is the thousands digit of 41527?
1
What is the tens digit of 10235?
3
What is the units digit of 14533?
3
What is the hundreds digit of 14016?
0
What is the hundreds digit of 23285?
2
What is the hundreds digit of 1913?
9
What is the tens digit of 35814?
1
What is the hundreds digit of 3780?
7
What is the tens digit of 19605?
0
What is the units digit of 4333?
3
What is the hundreds digit of 2373?
3
What is the units digit of 992